{"id":15,"date":"2021-08-06T08:36:02","date_gmt":"2021-08-06T08:36:02","guid":{"rendered":"https:\/\/mspd.upol.cz\/?page_id=15"},"modified":"2025-07-07T11:04:55","modified_gmt":"2025-07-07T11:04:55","slug":"about","status":"publish","type":"page","link":"https:\/\/mspd.upol.cz\/?page_id=15","title":{"rendered":"O konferenci"},"content":{"rendered":"\n<p>Mezin\u00e1rodn\u00ed studentsk\u00e9 psychologick\u00e9 dny jsou v\u011bdeckou sout\u011b\u017en\u00ed konferenc\u00ed, kter\u00e9 se \u00fa\u010dastn\u00ed studenti bakal\u00e1\u0159sk\u00fdch a magistersk\u00fdch program\u016f psychologie. B\u011bhem konference odezn\u00ed p\u0159\u00edsp\u011bvky v\u00edt\u011bz\u016f katedrov\u00fdch a fakultn\u00edch kol sout\u011b\u017ee studentsk\u00e9 v\u011bdeck\u00e9 a odborn\u00e9 \u010dinnosti z \u010desk\u00fdch a slovensk\u00fdch vysok\u00fdch \u0161kol a univerzit. C\u00edlem konference je prezentace zji\u0161t\u011bn\u00ed studentsk\u00fdch v\u00fdzkum\u016f z r\u016fzn\u00fdch oblast\u00ed psychologie, v\u00fdm\u011bna znalost\u00ed a zku\u0161enost\u00ed z teoretick\u00e9ho b\u00e1d\u00e1n\u00ed a empirick\u00e9ho psychologick\u00e9ho v\u00fdzkumu, diskuse k z\u00e1v\u011br\u016fm z v\u011bdeckov\u00fdzkumn\u00fdch aktivit a k aktu\u00e1ln\u00edm spole\u010densk\u00fdm t\u00e9mat\u016fm.<\/p>\n\n\n\n<p><\/p>\n\n\n\n<p><\/p>\n","protected":false},"excerpt":{"rendered":"<p>Mezin\u00e1rodn\u00ed studentsk\u00e9 psychologick\u00e9 dny jsou v\u011bdeckou sout\u011b\u017en\u00ed konferenc\u00ed, kter\u00e9 se \u00fa\u010dastn\u00ed studenti bakal\u00e1\u0159sk\u00fdch a magistersk\u00fdch program\u016f psychologie. B\u011bhem konference odezn\u00ed [&hellip;]<\/p>\n","protected":false},"author":2,"featured_media":0,"parent":0,"menu_order":0,"comment_status":"closed","ping_status":"closed","template":"","meta":{"site-sidebar-layout":"right-sidebar","site-content-layout":"","ast-site-content-layout":"default","site-content-style":"default","site-sidebar-style":"default","ast-global-header-display":"","ast-banner-title-visibility":"","ast-main-header-display":"","ast-hfb-above-header-display":"","ast-hfb-below-header-display":"","ast-hfb-mobile-header-display":"","site-post-title":"","ast-breadcrumbs-content":"","ast-featured-img":"","footer-sml-layout":"","ast-disable-related-posts":"","theme-transparent-header-meta":"","adv-header-id-meta":"","stick-header-meta":"","header-above-stick-meta":"","header-main-stick-meta":"","header-below-stick-meta":"","astra-migrate-meta-layouts":"default","ast-page-background-enabled":"default","ast-page-background-meta":{"desktop":{"background-color":"var(--ast-global-color-5)","background-image":"","background-repeat":"repeat","background-position":"center center","background-size":"auto","background-attachment":"scroll","background-type":"","background-media":"","overlay-type":"","overlay-color":"","overlay-opacity":"","overlay-gradient":""},"tablet":{"background-color":"","background-image":"","background-repeat":"repeat","background-position":"center center","background-size":"auto","background-attachment":"scroll","background-type":"","background-media":"","overlay-type":"","overlay-color":"","overlay-opacity":"","overlay-gradient":""},"mobile":{"background-color":"","background-image":"","background-repeat":"repeat","background-position":"center center","background-size":"auto","background-attachment":"scroll","background-type":"","background-media":"","overlay-type":"","overlay-color":"","overlay-opacity":"","overlay-gradient":""}},"ast-content-background-meta":{"desktop":{"background-color":"var(--ast-global-color-4)","background-image":"","background-repeat":"repeat","background-position":"center center","background-size":"auto","background-attachment":"scroll","background-type":"","background-media":"","overlay-type":"","overlay-color":"","overlay-opacity":"","overlay-gradient":""},"tablet":{"background-color":"var(--ast-global-color-4)","background-image":"","background-repeat":"repeat","background-position":"center center","background-size":"auto","background-attachment":"scroll","background-type":"","background-media":"","overlay-type":"","overlay-color":"","overlay-opacity":"","overlay-gradient":""},"mobile":{"background-color":"var(--ast-global-color-4)","background-image":"","background-repeat":"repeat","background-position":"center center","background-size":"auto","background-attachment":"scroll","background-type":"","background-media":"","overlay-type":"","overlay-color":"","overlay-opacity":"","overlay-gradient":""}},"footnotes":""},"class_list":["post-15","page","type-page","status-publish","hentry"],"_links":{"self":[{"href":"https:\/\/mspd.upol.cz\/index.php?rest_route=\/wp\/v2\/pages\/15","targetHints":{"allow":["GET"]}}],"collection":[{"href":"https:\/\/mspd.upol.cz\/index.php?rest_route=\/wp\/v2\/pages"}],"about":[{"href":"https:\/\/mspd.upol.cz\/index.php?rest_route=\/wp\/v2\/types\/page"}],"author":[{"embeddable":true,"href":"https:\/\/mspd.upol.cz\/index.php?rest_route=\/wp\/v2\/users\/2"}],"replies":[{"embeddable":true,"href":"https:\/\/mspd.upol.cz\/index.php?rest_route=%2Fwp%2Fv2%2Fcomments&post=15"}],"version-history":[{"count":14,"href":"https:\/\/mspd.upol.cz\/index.php?rest_route=\/wp\/v2\/pages\/15\/revisions"}],"predecessor-version":[{"id":1065,"href":"https:\/\/mspd.upol.cz\/index.php?rest_route=\/wp\/v2\/pages\/15\/revisions\/1065"}],"wp:attachment":[{"href":"https:\/\/mspd.upol.cz\/index.php?rest_route=%2Fwp%2Fv2%2Fmedia&parent=15"}],"curies":[{"name":"wp","href":"https:\/\/api.w.org\/{rel}","templated":true}]}}