{"id":16,"date":"2021-08-06T08:36:02","date_gmt":"2021-08-06T08:36:02","guid":{"rendered":"https:\/\/mspd.upol.cz\/?page_id=16"},"modified":"2026-04-20T08:00:15","modified_gmt":"2026-04-20T08:00:15","slug":"contact","status":"publish","type":"page","link":"https:\/\/mspd.upol.cz\/?page_id=16","title":{"rendered":"Spole\u010densk\u00fd program"},"content":{"rendered":"\n<p><br><strong>\u010ctvrtek 23. 4. 2026 <\/strong><br><strong>16:00 \u2013 17:00<\/strong>&nbsp;<strong>Spole\u010densk\u00fd&nbsp;program<\/strong>&nbsp;&nbsp;<br><strong>Aula Miroslava&nbsp;Pap\u00e1\u010dka&nbsp;<\/strong>&nbsp;<\/p>\n\n\n\n<p><strong>Zveme&nbsp;v\u0161echny&nbsp;\u00fa\u010dastn\u00edky&nbsp;konference&nbsp;z\u202f\u0159ad&nbsp;student\u016f&nbsp;&nbsp;<\/strong><br>(program organizuje&nbsp;sdru\u017een\u00ed&nbsp;Psycho\u010das&nbsp;\u010cesk\u00e9 Bud\u011bjovice)&nbsp;<br>&nbsp;<\/p>\n\n\n\n<p><strong>\u010ctvrtek 23. 4. 2026 <\/strong><br><strong>19:00\u00a0<\/strong>\u00a0<strong>Spole\u010densk\u00fd\u00a0ve\u010der<\/strong>\u00a0\u00a0<br><strong>Restaurace Beseda\u00a0<\/strong>\u2013 Na\u00a0Sadech\u00a02036\/18, 370 01 \u010cesk\u00e9 Bud\u011bjovice (vchod z\u00a0vnit\u0159n\u00edho\u00a0dvora)\u00a0<\/p>\n\n\n\n<p>Sou\u010d\u00e1st\u00ed&nbsp;spole\u010densk\u00e9ho&nbsp;ve\u010dera bude&nbsp;vyhl\u00e1\u0161en\u00ed&nbsp;doprovodn\u00e9&nbsp;sout\u011b\u017ee&nbsp;konference&nbsp;\u2013\u202fnejlep\u0161\u00ed&nbsp;um\u011bleck\u00fd&nbsp;v\u00fdtvor.&nbsp;&nbsp;<\/p>\n\n\n\n<p>Na&nbsp;spole\u010densk\u00fd&nbsp;ve\u010der s&nbsp;rautem&nbsp;jsou&nbsp;zv\u00e1ni&nbsp;v\u0161ichni&nbsp;p\u0159ihl\u00e1\u0161en\u00ed&nbsp;\u00fa\u010dastn\u00edci&nbsp;konference&nbsp;\u2013&nbsp;sout\u011b\u017e\u00edc\u00ed&nbsp;studenti&nbsp;i odborn\u00e1 porota.&nbsp;&nbsp;<\/p>\n\n\n\n<p><\/p>\n","protected":false},"excerpt":{"rendered":"<p>\u010ctvrtek 23. 4. 2026 16:00 \u2013 17:00&nbsp;Spole\u010densk\u00fd&nbsp;program&nbsp;&nbsp;Aula Miroslava&nbsp;Pap\u00e1\u010dka&nbsp;&nbsp; Zveme&nbsp;v\u0161echny&nbsp;\u00fa\u010dastn\u00edky&nbsp;konference&nbsp;z\u202f\u0159ad&nbsp;student\u016f&nbsp;&nbsp;(program organizuje&nbsp;sdru\u017een\u00ed&nbsp;Psycho\u010das&nbsp;\u010cesk\u00e9 Bud\u011bjovice)&nbsp;&nbsp; \u010ctvrtek 23. 4. 2026 19:00\u00a0\u00a0Spole\u010densk\u00fd\u00a0ve\u010der\u00a0\u00a0Restaurace Beseda\u00a0\u2013 Na\u00a0Sadech\u00a02036\/18, 370 01 [&hellip;]<\/p>\n","protected":false},"author":2,"featured_media":0,"parent":0,"menu_order":0,"comment_status":"closed","ping_status":"closed","template":"","meta":{"site-sidebar-layout":"right-sidebar","site-content-layout":"","ast-site-content-layout":"default","site-content-style":"default","site-sidebar-style":"default","ast-global-header-display":"","ast-banner-title-visibility":"","ast-main-header-display":"","ast-hfb-above-header-display":"","ast-hfb-below-header-display":"","ast-hfb-mobile-header-display":"","site-post-title":"","ast-breadcrumbs-content":"","ast-featured-img":"","footer-sml-layout":"","ast-disable-related-posts":"","theme-transparent-header-meta":"","adv-header-id-meta":"","stick-header-meta":"","header-above-stick-meta":"","header-main-stick-meta":"","header-below-stick-meta":"","astra-migrate-meta-layouts":"default","ast-page-background-enabled":"default","ast-page-background-meta":{"desktop":{"background-color":"var(--ast-global-color-5)","background-image":"","background-repeat":"repeat","background-position":"center center","background-size":"auto","background-attachment":"scroll","background-type":"","background-media":"","overlay-type":"","overlay-color":"","overlay-opacity":"","overlay-gradient":""},"tablet":{"background-color":"","background-image":"","background-repeat":"repeat","background-position":"center center","background-size":"auto","background-attachment":"scroll","background-type":"","background-media":"","overlay-type":"","overlay-color":"","overlay-opacity":"","overlay-gradient":""},"mobile":{"background-color":"","background-image":"","background-repeat":"repeat","background-position":"center center","background-size":"auto","background-attachment":"scroll","background-type":"","background-media":"","overlay-type":"","overlay-color":"","overlay-opacity":"","overlay-gradient":""}},"ast-content-background-meta":{"desktop":{"background-color":"var(--ast-global-color-4)","background-image":"","background-repeat":"repeat","background-position":"center center","background-size":"auto","background-attachment":"scroll","background-type":"","background-media":"","overlay-type":"","overlay-color":"","overlay-opacity":"","overlay-gradient":""},"tablet":{"background-color":"var(--ast-global-color-4)","background-image":"","background-repeat":"repeat","background-position":"center center","background-size":"auto","background-attachment":"scroll","background-type":"","background-media":"","overlay-type":"","overlay-color":"","overlay-opacity":"","overlay-gradient":""},"mobile":{"background-color":"var(--ast-global-color-4)","background-image":"","background-repeat":"repeat","background-position":"center center","background-size":"auto","background-attachment":"scroll","background-type":"","background-media":"","overlay-type":"","overlay-color":"","overlay-opacity":"","overlay-gradient":""}},"footnotes":""},"class_list":["post-16","page","type-page","status-publish","hentry"],"_links":{"self":[{"href":"https:\/\/mspd.upol.cz\/index.php?rest_route=\/wp\/v2\/pages\/16","targetHints":{"allow":["GET"]}}],"collection":[{"href":"https:\/\/mspd.upol.cz\/index.php?rest_route=\/wp\/v2\/pages"}],"about":[{"href":"https:\/\/mspd.upol.cz\/index.php?rest_route=\/wp\/v2\/types\/page"}],"author":[{"embeddable":true,"href":"https:\/\/mspd.upol.cz\/index.php?rest_route=\/wp\/v2\/users\/2"}],"replies":[{"embeddable":true,"href":"https:\/\/mspd.upol.cz\/index.php?rest_route=%2Fwp%2Fv2%2Fcomments&post=16"}],"version-history":[{"count":10,"href":"https:\/\/mspd.upol.cz\/index.php?rest_route=\/wp\/v2\/pages\/16\/revisions"}],"predecessor-version":[{"id":1375,"href":"https:\/\/mspd.upol.cz\/index.php?rest_route=\/wp\/v2\/pages\/16\/revisions\/1375"}],"wp:attachment":[{"href":"https:\/\/mspd.upol.cz\/index.php?rest_route=%2Fwp%2Fv2%2Fmedia&parent=16"}],"curies":[{"name":"wp","href":"https:\/\/api.w.org\/{rel}","templated":true}]}}